7409 is divided by 1385?
1234
What is the remainder when 112112 is divided by 16014?
14
What is the remainder when 96170 is divided by 83?
56
Calculate the remainder when 55345 is divided by 4257.
4
Calculate the remainder when 5034 is divided by 99.
84
Calculate the remainder when 2463 is divided by 460.
163
Calculate the remainder when 16357 is divided by 8174.
9
What is the remainder when 1981 is divided by 190?
81
What is the remainder when 1176 is divided by 1100?
76
Calculate the remainder when 1008 is divided by 164.
24
Calculate the remainder when 15087 is divided by 3729.
171
What is the remainder when 328751 is divided by 155?
151
What is the remainder when 14041 is divided by 1396?
81
What is the remainder when 240 is divided by 134?
106
Calculate the remainder when 915787 is divided by 17.
14
Calculate the remainder when 213 is divided by 80.
53
What is the remainder when 5686 is divided by 1403?
74
Calculate the remainder when 31412 is divided by 187.
183
Calculate the remainder when 335263 is divided by 111749.
16
What is the remainder when 61531 is divided by 41?
31
What is the remainder when 156943 is divided by 78471?
1
What is the remainder when 100915 is divided by 402?
13
Calculate the remainder when 354782 is divided by 827.
826
Calculate the remainder when 3192 is divided by 20.
12
What is the remainder when 694 is divided by 301?
92
What is the remainder when 369407 is divided by 444?
443
What is the remainder when 2539920 is divided by 881?
878
What is the remainder when 7069 is divided by 2333?
70
What is the remainder when 49992 is divided by 303?
300
Calculate the remainder when 4920 is divided by 184.
136
What is the remainder when 1985 is divided by 179?
16
Calculate the remainder when 165906 is divided by 13.
0
Calculate the remainder when 267406 is divided by 33.
7
What is the remainder when 4718 is divided by 92?
26
What is the remainder when 17262 is divided by 16558?
704
Calculate the remainder when 1711 is divided by 78.
73
What is the remainder when 7253 is divided by 60?
53
Calculate the remainder when 5327 is divided by 984.
407
What is the remainder when 16517 is divided by 1049?
782
What is the remainder when 1389 is divided by 1367?
22
Calculate the remainder when 17075 is divided by 140.
135
Calculate the remainder when 6254 is divided by 17.
15
Calculate the remainder when 1673 is divided by 381.
149
Calculate the remainder when 861081 is divided by 1139.
1136
What is the remainder when 31557 is divided by 31?
30
Calculate the remainder when 4168 is divided by 193.
115
What is the remainder when 9603 is divided by 3172?
87
Calculate the remainder when 7170 is divided by 22.
20
What is the remainder when 4229 is divided by 1592?
1045
What is the remainder when 17094 is divided by 16944?
150
Calculate the remainder when 84898 is divided by 35.
23
Calculate the remainder when 3238 is divided by 39.
1
Calculate the remainder when 13816 is divided by 42.
40
Calculate the remainder when 3527 is divided by 1152.
71
Calculate the remainder when 10718 is divided by 306.
8
What is the remainder when 38994 is divided by 361?
6
Calculate the remainder when 15927 is divided by 1451.
1417
Calculate the remainder when 8829 is divided by 4389.
51
What is the remainder when 897 is divided by 389?
119
Calculate the remainder when 6753 is divided by 7.
5
Calculate the remainder when 1662 is divided by 29.
9
Calculate the remainder when 1525 is divided by 545.
435
Calculate the remainder when 6386 is divided by 2021.
323
What is the remainder when 47985 is divided by 893?
656
Calculate the remainder when 1329 is divided by 194.
165
What is the remainder when 7813 is divided by 27?
10
Calculate the remainder when 2036 is divided by 184.
12
What is the remainder when 4690 is divided by 103?
55
Calculate the remainder when 2504 is divided by 36.
20
What is the remainder when 1684 is divided by 348?
292
Calculate the remainder when 21518 is divided by 215.
18
What is the remainder when 786 is divided by 368?
50
What is the remainder when 51 is divided by 48?
3
Calculate the remainder when 3990 is divided by 96.
54
What is the remainder when 8014 is divided by 3?
1
What is the remainder when 17152 is divided by 63?
16
What is the remainder when 8850 is divided by 108?
102
What is the remainder when 42840 is divided by 11?
6
What is the remainder when 8427 is divided by 138?
9
What is the remainder when 9335 is divided by 34?
19
Calculate the remainder when 115381 is divided by 179.
105
What is the remainder when 48252 is divided by 11?
6
Calculate the remainder when 59428 is divided by 17.
13
Calculate the remainder when 152292 is divided by 11.
8
Calculate the remainder when 133823 is divided by 22.
19
What is the remainder when 9665 is divided by 11?
7
Calculate the remainder when 113461 is divided by 113403.
58
Calculate the remainder when 17429 is divided by 771.
467
What is the remainder when 419 is divided by 12?
11
What is the remainder when 29444 is divided by 151?
150
Calculate the remainder when 253 is divided by 102.
49
Calculate the remainder when 27075 is divided by 16.
3
Calculate the remainder when 12096 is divided by 178.
170
Calculate the remainder when 4044 is divided by 3975.
69
What is the remainder when 85161 is divided by 28384?
9
What is the remainder when 1534 is divided by 151?
24
What is the remainder when 712930 is divided by 712912?
18
Calculate the remainder when 241499 is divided by 13.
11
What is the remainder when 91522 is divided by 1187?
123
Calculate the remainder when 317127 is divided by 11.
8
What is the remainder when 47505 is divided by 28?
17
What is the remainder when 256483 is divided by 64120?
3
What is the remainder when 456453 is divided by 264?
261
Calculate the remainder when 10362 is divided by 170.
162
Calculate the remainder when 3930 is divided by 1292.
54
Calculate the remainder when 67949 is divided by 151.
150
Calculate the remainder when 1050 is divided by 959.
91
What is the remainder when 181221 is divided by 859?
831
Calculate the remainder when 2227 is divided by 574.
505
What is the remainder when 708984 is divided by 236325?
9
Calculate the remainder when 72617 is divided by 49.
48
Calculate the remainder when 1021 is divided by 208.
189
Calculate the remainder when 279343 is divided by 13.
12
What is the remainder when 3155 is divided by 151?
135
What is the remainder when 918222 is divided by 225?
222
What is the remainder when 2333 is divided by 108?
65
Calculate the remainder when 54528 is divided by 133.
131
What is the remainder when 133429 is divided by 60?
49
What is the remainder when 11602 is divided by 1014?
448
Calculate the remainder when 2620 is divided by 147.
121
Calculate the remainder when 7377 is divided by 19.
5
Calculate the remainder when 1046 is divided by 676.
370
Calculate the remainder when 29778 is divided by 408.
402
What is the remainder when 1739 is divided by 155?
34
Calculate the remainder when 14560 is divided by 451.
128
Calculate the remainder when 10382 is divided by 113.
99
Calculate the remainder when 13367 is divided by 33.
2
Calculate the remainder when 242647 is divided by 422.
419
Calculate the remainder when 3431 is divided by 81.
29
What is the remainder when 1046 is divided by 130?
6
What is the remainder when 173893 is divided by 57?
43
What is the remainder when 296399 is divided by 938?
929
What is the remainder when 151565 is divided by 6885?
95
Calculate the remainder when 157316 is divided by 78652.
12
What is the remainder when 11759 is divided by 327?
314
What is the remainder when 30982 is divided by 82?
68
What is the remainder when 3234 is divided by 3230?
4
Calculate the remainder when 4945 is divided by 138.
115
Calculate the remainder when 405 is divided by 397.
8
What is the remainder when 1085 is divided by 1077?
8
What is the remainder when 14758 is divided by 921?
22
What is the remainder when 6676 is divided by 1327?
41
Calculate the remainder when 11678 is divided by 271.
25
Calculate the remainder when 13341 is divided by 13328.
13
What is the remainder when 18153 is divided by 212?
133
What is the remainder when 9730 is divided by 1418?
1222
Calculate the remainder when 181 is divided by 6.
1
C